lculate the remainder when 317 is divided by 17.
11
Calculate the remainder when 83 is divided by 23.
14
What is the remainder when 1187 is divided by 18?
17
What is the remainder when 471 is divided by 68?
63
Calculate the remainder when 848 is divided by 61.
55
What is the remainder when 721 is divided by 29?
25
What is the remainder when 75 is divided by 6?
3
Calculate the remainder when 664 is divided by 51.
1
Calculate the remainder when 1765 is divided by 28.
1
What is the remainder when 16329 is divided by 230?
229
What is the remainder when 160 is divided by 27?
25
Calculate the remainder when 2658 is divided by 88.
18
What is the remainder when 164 is divided by 3?
2
Calculate the remainder when 247 is divided by 43.
32
Calculate the remainder when 273 is divided by 63.
21
Calculate the remainder when 1723 is divided by 75.
73
Calculate the remainder when 309 is divided by 26.
23
Calculate the remainder when 295 is divided by 59.
0
Calculate the remainder when 173 is divided by 22.
19
What is the remainder when 6563 is divided by 18?
11
What is the remainder when 198 is divided by 96?
6
Calculate the remainder when 1629 is divided by 17.
14
What is the remainder when 139 is divided by 23?
1
Calculate the remainder when 467 is divided by 148.
23
What is the remainder when 862 is divided by 229?
175
Calculate the remainder when 1860 is divided by 49.
47
Calculate the remainder when 10866 is divided by 10.
6
Calculate the remainder when 501 is divided by 26.
7
What is the remainder when 188 is divided by 98?
90
Calculate the remainder when 51 is divided by 6.
3
Calculate the remainder when 3869 is divided by 86.
85
What is the remainder when 2639 is divided by 132?
131
Calculate the remainder when 43 is divided by 24.
19
Calculate the remainder when 1042 is divided by 182.
132
What is the remainder when 548 is divided by 69?
65
Calculate the remainder when 2683 is divided by 19.
4
What is the remainder when 129 is divided by 28?
17
Calculate the remainder when 40 is divided by 23.
17
Calculate the remainder when 1425 is divided by 68.
65
What is the remainder when 149 is divided by 52?
45
Calculate the remainder when 1467 is divided by 35.
32
What is the remainder when 92 is divided by 23?
0
What is the remainder when 4 is divided by 1?
0
What is the remainder when 294 is divided by 148?
146
Calculate the remainder when 492 is divided by 20.
12
What is the remainder when 197 is divided by 61?
14
Calculate the remainder when 9104 is divided by 66.
62
What is the remainder when 89 is divided by 15?
14
What is the remainder when 2134 is divided by 1035?
64
What is the remainder when 74 is divided by 22?
8
Calculate the remainder when 1626 is divided by 5.
1
What is the remainder when 9343 is divided by 41?
36
Calculate the remainder when 674 is divided by 60.
14
Calculate the remainder when 177 is divided by 164.
13
What is the remainder when 1271 is divided by 463?
345
Calculate the remainder when 1090 is divided by 356.
22
Calculate the remainder when 258 is divided by 52.
50
Calculate the remainder when 130 is divided by 46.
38
What is the remainder when 35 is divided by 14?
7
Calculate the remainder when 8690 is divided by 23.
19
What is the remainder when 14176 is divided by 29?
24
What is the remainder when 292 is divided by 221?
71
What is the remainder when 297 is divided by 43?
39
Calculate the remainder when 75 is divided by 16.
11
Calculate the remainder when 97 is divided by 74.
23
Calculate the remainder when 69 is divided by 59.
10
What is the remainder when 282 is divided by 57?
54
What is the remainder when 185 is divided by 21?
17
Calculate the remainder when 6895 is divided by 33.
31
Calculate the remainder when 433 is divided by 109.
106
What is the remainder when 734 is divided by 23?
21
Calculate the remainder when 1336 is divided by 17.
10
Calculate the remainder when 123 is divided by 2.
1
Calculate the remainder when 957 is divided by 32.
29
Calculate the remainder when 14441 is divided by 29.
28
Calculate the remainder when 1973 is divided by 8.
5
Calculate the remainder when 1590 is divided by 274.
220
Calculate the remainder when 1648 is divided by 75.
73
What is the remainder when 38 is divided by 18?
2
What is the remainder when 102 is divided by 22?
14
What is the remainder when 291 is divided by 14?
11
What is the remainder when 584 is divided by 28?
24
Calculate the remainder when 333 is divided by 143.
47
Calculate the remainder when 1779 is divided by 66.
63
Calculate the remainder when 60 is divided by 29.
2
Calculate the remainder when 1884 is divided by 1869.
15
What is the remainder when 161 is divided by 15?
11
What is the remainder when 571 is divided by 277?
17
Calculate the remainder when 237 is divided by 107.
23
Calculate the remainder when 1516 is divided by 22.
20
What is the remainder when 1270 is divided by 96?
22
Calculate the remainder when 110 is divided by 17.
8
What is the remainder when 1796 is divided by 72?
68
Calculate the remainder when 425 is divided by 93.
53
What is the remainder when 143 is divided by 41?
20
What is the remainder when 503 is divided by 23?
20
Calculate the remainder when 1017 is divided by 114.
105
What is the remainder when 1097 is divided by 99?
8
What is the remainder when 494 is divided by 25?
19
What is the remainder when 1196 is divided by 50?
46
What is the remainder when 2398 is divided by 96?
94
What is the remainder when 4307 is divided by 139?
137
What is the remainder when 102 is divided by 12?
6
Calculate the remainder when 377 is divided by 10.
7
What is the remainder when 185 is divided by 25?
10
What is the remainder when 587 is divided by 202?
183
Calculate the remainder when 218 is divided by 22.
20
Calculate the remainder when 10165 is divided by 11.
1
Calculate the remainder when 171 is divided by 69.
33
Calculate the remainder when 1350 is divided by 169.
167
What is the remainder when 78 is divided by 41?
37
Calculate the remainder when 128 is divided by 52.
24
What is the remainder when 45 is divided by 16?
13
What is the remainder when 1076 is divided by 1?
0
What is the remainder when 4180 is divided by 51?
49
Calculate the remainder when 526 is divided by 106.
102
Calculate the remainder when 4105 is divided by 196.
185
What is the remainder when 234 is divided by 79?
76
Calculate the remainder when 91 is divided by 29.
4
What is the remainder when 667 is divided by 84?
79
Calculate the remainder when 132 is divided by 56.
20
Calculate the remainder when 1645 is divided by 150.
145
Calculate the remainder when 95 is divided by 95.
0
What is the remainder when 108 is divided by 102?
6
Calculate the remainder when 4638 is divided by 11.
7
What is the remainder when 13 is divided by 13?
0
What is the remainder when 1165 is divided by 11?
10
What is the remainder when 463 is divided by 79?
68
What is the remainder when 1112 is divided by 276?
8
What is the remainder when 162 is divided by 71?
20
What is the remainder when 4930 is divided by 160?
130
What is the remainder when 160 is divided by 32?
0
What is the remainder when 132 is divided by 24?
12
What is the remainder when 109 is divided by 25?
9
Calculate the remainder when 228 is divided by 117.
111
What is the remainder when 54 is divided by 11?
10
Calculate the remainder when 1252 is divided by 33.
31
What is the remainder when 1008 is divided by 362?
284
What is the remainder when 883 is divided by 292?
7
What is the remainder when 487 is divided by 25?
12
Calculate the remainder when 279 is divided by 73.
60
Calculate the remainder when 678 is divided by 40.
38
What is the remainder when 1718 is divided by 42?
38
Calculate the remainder when 3116 is divided by 26.
22
What is the remainder when 536 is divided by 107?
1
Calculate the remainder when 1267 is divided by 411.
34
Calculate the remainder when 161 is divided by 54.
53
Calculate the remainder when 55 is divided by 14.
13
What is the remainder when 64 is divided by 46?
18
What is the remainder when 69 is divided by 16?
5
What is the remainder when 429 is divided by 405?
24
Calculate the remainder when 785 is divided by 53.
43
What is the remainder when 401 is divided by 399?
2
What is the remainder when 131 is divided by